-2
Let n = -16421 + 16419. Let z(b) = 16*b. Give z(n).
-32
Suppose 37*o - 894 = -598. Let y(n) = -8*n + 39. Calculate y(o).
-25
Let x(u) = 5*u - 53. Let p = -3377 + 3389. Give x(p).
7
Let p(n) = n**2 + 7*n - 3. Suppose 0 = 69*g - 76*g + 77. Let l = -4 - -8. Suppose l = u + g. What is p(u)?
-3
Let p(f) = -9*f - 234. Let z(u) = -u**3 - 8*u**2 - 225*u - 1826. Let n be z(-8). What is p(n)?
0
Let d(t) = t - 3. Suppose 110 = 2*y + 114. Let o(k) = k**2 + 4*k + 5. Let r(j) = y*d(j) - o(j). Calculate r(-6).
1
Let l(t) = -6803 - 6*t**2 - t**3 - 8*t**2 - 5*t + 6*t**2 + 6805. Determine l(-7).
-12
Let b = 466 + -461. Let r(t) = -t - 490*t**2 + t**3 + 14 - b*t - 2*t**3 + 498*t**2 - 7. What is r(7)?
14
Let h = -37 + 34. Let y(a) = -2*a**2 - 7*a - 9. Let t = 248 - 244. Let d(w) = -3*w**2 - 6*w - 10. Let j(s) = h*d(s) + t*y(s). Calculate j(10).
-6
Let v = -235 + 243. Suppose -v*n - 36 = -4*n + 4*l, 0 = 3*l + 9. Let q(f) = -f**2 - 6*f - 13. Calculate q(n).
-13
Let z(w) = -w**2 - 4*w + 19. Let m be z(-6). Let t(c) = 0 + c - m*c + 0 + 2. What is t(3)?
-16
Let i = -59 - -29. Let k be ((-96)/120)/((1*2)/i). Let w(y) = y**3 - 11*y**2 - 11*y - 11. Calculate w(k).
1
Suppose 0*c + 2*c - 19 = -r, -3*r - 2*c = -49. Let h(i) = -r*i - 13*i + 48*i + i**2 - 6 - 11*i. Give h(-9).
-6
Let v(l) = 9*l**2 + 18*l + 83. Let j(p) = -10*p**2 - 17*p - 80. Let f(i) = 8*j(i) + 9*v(i). What is f(-5)?
2
Let l(s) = 11*s + 23. Let z(r) = 7*r + 14. Let n(k) = -7*l(k) + 12*z(k). Calculate n(-8).
-49
Let n(l) = l**3 - 4. Let p be n(0). Let z(o) = o + 7. Let h be z(p). Let k(w) = -51 + 3*w - 48 + 97 - w**2. Calculate k(h).
-2
Let v(i) = i**2 - 7*i + 1. Suppose -3*g - 52 = d, -3*d - 70 = -2*g + 42. Suppose 0*k - 134 = 4*k + 2*m, k - 3*m + 37 = 0. Let s = k - d. Determine v(s).
-5
Let c(q) = -q**2 + 5*q + 55. Let r be c(-4). Let i(v) = -2*v**2 + 35*v + 37. Calculate i(r).
-20
Suppose 6*u - 84 = -42. Let t(v) = 12*v + 0*v**2 - u*v - 30 + 2*v**2 + 26. Give t(-4).
8
Let f(a) = 12*a**3 + 9*a - 49. Let c(d) = 7*d**3 + 5*d - 26. Let t(x) = -5*c(x) + 3*f(x). What is t(0)?
-17
Let m be ((-2)/(-4))/((-3)/(-90)). Let o = m - 9. Let v(p) be the first derivative of p**3/3 - 5*p**2/2 + 2*p - 143297. Give v(o).
8
Suppose -199*l = 119*l + 30*l - 1740. Let f(a) = -3*a + 26. Calculate f(l).
11
Let y(v) be the second derivative of 1/24*v**4 + 11/6*v**3 - 1/120*v**5 + 0*v**2 + 0 + 15*v. Let g(h) be the second derivative of y(h). What is g(1)?
0
Let k(o) = o**3 - 6*o**2 + 10. Let z be -1 - 1/(-3)*21. What is k(z)?
10
Suppose 3*y - 27 = 3*f, -3*f - 9 = -4*y + 23. Let k(x) be the third derivative of x**4/24 - 4*x**3/3 - 602*x**2 - 5*x. Calculate k(y).
-3
Let w(l) = 375*l + 7500. Let r be w(-20). Let b(y) be the third derivative of 0*y + 1/120*y**6 + r + 11/24*y**4 + 3*y**2 + 0*y**3 + 11/60*y**5. What is b(-10)?
-10
Suppose -b - 2*f + 8 = 0, -f + 5 - 2 = 0. Suppose -3*p - 4*g - 7 = 0, b*p - 13 - 13 = 5*g. Let s(k) = 17*k**2 - k**p + 5*k - 2 - 1 - 13*k**2. Calculate s(5).
-3
Let p(x) = -23*x - 172. Suppose -4 - 15 = 13*r + 85. Give p(r).
12
Let w(s) = -35*s + 33. Suppose 15*r - 18*r + 10 = -2*d, 5*r = -4*d + 24. What is w(d)?
-2
Let v(n) = 33*n + 28*n - 13 + 32*n - 156*n + 33*n + 31*n. Let j = 1 + -1. What is v(j)?
-13
Let z(w) be the first derivative of -72 + 1/3*w**3 - w**2 + 0*w. Calculate z(6).
24
Let z be (-7)/((-84)/8)*(-117)/6. Let g(w) = 5*w**2 + 8*w - 15. Let v(q) = -11*q**2 - 18*q + 32. Let u(j) = z*g(j) - 6*v(j). What is u(-3)?
0
Let y(k) = 5*k - 2. Let u(t) = -t**3 - 8*t**2 + 9*t + 2. Let l be u(-9). Let g(d) = d. Let q(b) = l*y(b) - 11*g(b). Give q(-6).
2
Let s(v) be the first derivative of -v**4/4 + v**3/3 + 11*v - 44. Let c = 6 - 6. Suppose c = -25*m + 23*m. Give s(m).
11
Let a(m) = -9*m + 0 + 4*m + 4*m + 6. Let z be a(8). Let l(g) = -g**2 + g + 1. Let j(p) = -3*p**2 + 7*p + 8. Let x(r) = z*l(r) + j(r). Give x(5).
6
Let b be 1 - -22 - (-31 - -43). Let w(p) be the second derivative of 3/2*p**2 + 1/12*p**4 + b + p + 4/3*p**3. Give w(-3).
-12
Let f(m) = m**3 - 3*m**2 - 4*m + 6. Let a(n) = -n**3 - 23*n**2 + 2*n + 50. Let x be a(-23). Calculate f(x).
6
Let b = 171 + -167. Suppose b*k = -4*q + 1 - 9, -2*k = -3*q - 21. Let a(p) = -p**3 + 3*p**2 - 5*p + 3. What is a(k)?
-12
Let q(l) = 130*l**2 + 7*l**3 + 110 + 40*l - 3*l**3 - 77*l**2 + 14*l - 3*l**3. What is q(-52)?
6
Let h(r) = 1 - 445645*r + 16 - 8*r**2 + 445592*r. What is h(-7)?
-4
Let o(p) = -420*p + 42. Let y(a) = -45*a + 1. Let j(i) = -2*o(i) + 18*y(i). What is j(3)?
24
Suppose 4*h + 880 = 200. Let l = 167 + h. Let p(r) = -2*r + 2. Give p(l).
8
Let u be (-1)/((-1)/(-22)*2). Let j(i) = 0 - 5 + 8 - 5 + 4*i + 4 - 2*i. Determine j(u).
-20
Let o = 5138 + -5136. Let g(f) = -4*f**2 + f. Give g(o).
-14
Let r be (-67)/(-13) + (-14)/91. Suppose -14 = r*l - 24. Let n(m) = -245*m**2 + 124*m**l + m**3 - 3*m + 124*m**2. What is n(-4)?
-4
Let j(t) = -8*t - 5. Let p(x) = 40*x + 24. Suppose 10*a - 35 = -5. Suppose -c + n = -9, 2*n - a - 4 = -3*c. Let w(m) = c*p(m) + 24*j(m). Give w(-1).
-8
Let w(i) be the second derivative of i**3 + 12*i**2 + 1307*i. Determine w(-6).
-12
Let m(a) = 316*a**2 - 2*a + 15. Let h be m(3). Let z(y) = h*y**3 + 6*y**2 - 10*y - 2854*y**3 - 1 + 4*y. Give z(3).
8
Let h(c) = -28*c + 1304 + c**2 - 2590 + 1440. Give h(8).
-6
Let v(s) = 12*s**2 - 2*s + 1. Suppose -3*u = 5*z - 20, z = 4*u - 7 - 12. Suppose u*k = -13*k + 18. What is v(k)?
11
Let j be (-96)/12*3/(-3). Let s(u) = 11 + u**2 + 4 + j - 28 + 5*u. Determine s(2).
9
Let v(a) = 3*a**2 - 11*a - 6. Let c(p) = -2*p**2 + 5*p + 3. Let g(w) = -5*c(w) - 3*v(w). Let b be 108*((294/9)/7 + -3). Let d be (-3)/(-4)*b/(-27). Give g(d).
-12
Let g(z) = -101*z + 1006. Let u be g(10). Let f(w) = -w**2 - 7*w - 6. Determine f(u).
6
Let r(t) be the first derivative of t**4/4 - 4*t**3/3 - 2*t**2 - 15*t - 326. Give r(5).
-10
Suppose 26 = 4*q + 10*i, 45 = -4*i + 49. Let w(u) = -17*u - 14. What is w(q)?
-82
Let m(x) = x**2 + x - 1. Let l = -6 - -7. Let a(j) = 2*j**2 + 2*j - 6. Let f(d) = l*a(d) - m(d). Let q = 1411 - 1407. Calculate f(q).
15
Let i = -188015 - -188016. Let t(f) = 3 + 2*f**2 + 3*f - 5 - 4*f**2. Determine t(i).
-1
Let g(x) = 6*x. Suppose -4*m - 1 - 4 = -t, -m - 20 = -4*t. Let q be -4 - 0 - (0 - 6 - t). Let r = q + -6. What is g(r)?
6
Let a be 1/5 - 6885/(-75). Let q = 90 - a. Let n(h) = 5*h - 1. Let g(s) = s. Let b(r) = -3*g(r) + n(r). Determine b(q).
-5
Suppose -379*m + 384*m - 50 = 0. Let f(o) = 2*o + o - 6*o + m. Suppose 4*i - 23 = 5. Determine f(i).
-11
Let l = 70118 + -70123. Let n(j) = -5 - 2*j**2 + 1 - 13*j - 3. Give n(l).
8
Suppose 0 = -4*q, -p + 6*q - q = 0. Let m(l) = -2*l + p + 4 + 8*l. Let n(y) = 221*y**2 + 2431*y + 3. Let x be n(-11). Determine m(x).
22
Suppose 0 = -5*f + 3*f - 3*k + 259, -4*f + 5*k + 551 = 0. Suppose -4*l - f = -158. Let t(a) = -3 - 7*a**2 - 2 + l*a**2 + 7*a. Give t(6).
1
Suppose 66*t - 65*t + 9 = 0. Let q(a) = a**3 + 10*a**2 + 11*a + 15. Let o be q(t). Let h(f) = f**3 + f**2 - 2*f + 2. Calculate h(o).
-10
Suppose 0 = -5*r - 2*d + 30, 18 = 5*r - 2*r - 2*d. Suppose 0 = 3*l - 4*b - 14, 2*l - 5*b + 23 = 5*l. Let o(w) = -l + w + 3 + 0 + 0. Calculate o(r).
3
Let g(a) = -a**2 + 4*a + 1. Let h(c) = -12*c**2 + 6*c - 3. Let p(u) = -g(u) + h(u). Calculate p(1).
-13
Let z(o) = -3*o**2 - 8*o + 3. Let y(v) = v**3 + v - 4. Let f be y(0). Give z(f).
-13
Let o = 52 - 62. Let s(m) = -2*m**2 + 4*m + 0*m + 5*m**2 + 5*m - 6 - 2*m**2. What is s(o)?
4
Let b(n) be the second derivative of n**3/6 - 7*n**2 - 2749*n. What is b(10)?
-4
Let s(v) = 19*v**2 + 36*v + 30. Let o(u) = -3*u - 5. Let w(t) = 6*o(t) + s(t). Determine w(-1).
1
Let c(d) be the second derivative of d**4/12 + 5*d**3/3 + 4*d**2 - 2*d - 307. Let m be (21/4)/(1/(-4)). Let o be m/(6/2) - 0. What is c(o)?
-13
Let v(h) = 7*h**3 + h**2 + 2*h + 1. Let d be (72 + -70)/(2/(-16)*-2) - 9. Determine v(d).
-7
Suppose 0 = 25*s - 5*s - 60. Let w(t) = 5*t + t - 2*t + s*t - 6*t. Give w(-6).
-6
Let w(o) = 5*o - 5. Suppose -c + 14 = -4*r - 16, 5*r = 25. Let s be c/(-15)*(-12)/(-10)*-1. What is w(s)?
15
Let c(n) = -913*n**3 + 1822*n**3 + 2*n + 10*n**2 - n + 12*n - 910*n**3 - 4. Calculate c(11).
18
Let w(a) = -a - 6. Let p be (41/(-2))/(0 - (-2)/4). Let h = 59 + p. Let g be (4/1)/((-12)/h). Determine w(g).
0
Suppose 42 = -4*a - 3*y, 2*a = y - 18 - 8. Let